-4)?
4
Let c(m) = -2816*m - 16941. Give c(-6).
-45
Let i(f) = 2*f**3 + 273*f**2 - 335*f - 27121. Give i(-137).
5
Let o(r) = 665*r - 26817. Determine o(40).
-217
Let h(r) = -5524*r - 607552. Give h(-110).
88
Let q(k) = -1053589*k + 16857427. Determine q(16).
3
Let o(i) = -i**3 - 17*i**2 + 5539*i + 44852. Calculate o(-8).
-36
Let l(p) = -1030373*p - 6182244. Determine l(-6).
-6
Let k(z) = 67818*z + 1831024. What is k(-27)?
-62
Let f(u) = u**3 + 30*u**2 + 71*u + 970. Give f(-26).
1828
Let l(n) = n**2 + 200*n + 2376. Calculate l(-13).
-55
Let j(g) = 59*g**3 + 1775*g**2 + 212*g + 1856. Calculate j(-30).
-4
Let h(g) = -17694*g - 265141. Give h(-15).
269
Let a(i) = 330*i - 129033. Determine a(391).
-3
Let a(k) = -1459*k + 8742. Calculate a(6).
-12
Let u(r) = 3*r**3 - 197*r**2 - 466*r - 156. What is u(68)?
524
Let m(c) = 5*c**2 + 776*c + 1675. Calculate m(-153).
-8
Let a(l) = 2*l**2 - 336*l - 7524. Calculate a(-20).
-4
Let g(v) = 16066*v - 80309. Calculate g(5).
21
Let k(o) = 5*o**2 - 22*o - 1541. Calculate k(20).
19
Let u(d) = -361*d**3 - 27*d**2 + 64*d - 39. Determine u(1).
-363
Let y(d) = -4073*d - 40486. Calculate y(-10).
244
Let k(p) = 24903*p - 74594. Determine k(3).
115
Let c(b) = 22*b**2 + 3458*b + 10173. Calculate c(-3).
-3
Let f(v) = v**3 + 57*v**2 + 43*v + 5561. What is f(-58)?
-297
Let t(f) = -42*f - 1207. Calculate t(-44).
641
Let x(d) = -1507*d + 13843. Determine x(9).
280
Let s(d) = -3902*d + 19668. Give s(5).
158
Let l(n) = -66075*n - 396447. Determine l(-6).
3
Let r(z) = -z**3 - 10*z**2 + 4448*z + 35591. Determine r(-8).
-121
Let y(r) = 33337*r + 100022. What is y(-3)?
11
Let x(i) = -1306378*i + 1306386. Calculate x(1).
8
Let t(v) = 9142*v + 118864. Determine t(-13).
18
Let r(v) = 2*v**2 + 1942*v - 78793. What is r(39)?
-13
Let t(j) = 2323*j + 16358. What is t(-7)?
97
Let j(o) = -3*o**2 - 5553*o + 50134. Give j(9).
-86
Let s(r) = -5118*r - 5772. What is s(-1)?
-654
Let a(q) = 3115*q - 124614. What is a(40)?
-14
Let m(h) = -208*h**3 + 2489*h**2 + 121*h - 453. Determine m(12).
-9
Let o(g) = -g**3 - 472*g**2 + 1415*g - 4756. Determine o(-475).
-6
Let u(r) = 2048118*r - 2048109. Calculate u(1).
9
Let c(b) = 117*b**2 - 7606*b + 62. What is c(65)?
-3
Let a(m) = 7522*m - 8114. Calculate a(1).
-592
Let l(p) = 3012*p - 26601. Calculate l(9).
507
Let o(f) = 640*f + 5268. Give o(-8).
148
Let m(v) = -v**3 + 725*v**2 - 41705*v - 688. Calculate m(662).
-26
Let h(c) = 3419*c - 8. What is h(0)?
-8
Let v(p) = 349312*p - 12225907. What is v(35)?
13
Let a(z) = -z**2 + 286*z - 20257. Give a(156).
23
Let v(b) = 5470*b - 21915. Calculate v(4).
-35
Let k(z) = -53*z**2 + 8477*z + 617. What is k(160)?
137
Let s(h) = -34*h**3 - 119*h**2 + 251*h - 36. What is s(2)?
-282
Let i(x) = -x**3 - 72*x**2 - 730*x - 610. What is i(-60)?
-10
Let w(f) = 251*f - 3480. What is w(14)?
34
Let x(c) = -c**3 + 6*c**2 + 2028*c - 3391. What is x(-43)?
6
Let r(d) = 3*d**2 + 433*d + 14842. What is r(-56)?
2
Let x(a) = a**2 - 1312*a - 94658. Give x(-69).
631
Let u(o) = 3*o**2 - 34992*o - 174939. Determine u(-5).
96
Let c(r) = -616*r + 80531. Give c(131).
-165
Let q(t) = -35*t**2 + 4746*t - 95531. Give q(111).
40
Let b(l) = -2*l**3 - 3*l**2 + 9*l + 20. Give b(-6).
290
Let g(u) = -1388*u - 1063204. Determine g(-766).
4
Let f(d) = -2*d**3 + 45*d**2 + 639*d - 57. Determine f(-10).
53
Let p(m) = -m**2 + 933*m + 36757. Determine p(-39).
-1151
Let h(b) = b**3 - 7*b**2 + 56*b - 354. Determine h(6).
-54
Let c(x) = 137*x**2 + 219*x - 214. What is c(1)?
142
Let f(s) = -45*s**2 + 49*s - 205. What is f(3)?
-463
Let y(o) = o**2 - 138*o - 7094. Determine y(-40).
26
Let a(l) = l**3 - 85*l**2 - 1069*l - 95. Determine a(-11).
48
Let h(x) = -41*x**2 - 18269*x + 25926. Calculate h(-447).
0
Let l(z) = z**3 - 21*z**2 + 27*z + 760. What is l(11)?
-153
Let y(l) = l**3 + 34*l**2 + 184*l + 3829. Give y(-32).
-11
Let y(h) = -42722*h - 11620371. Determine y(-272).
13
Let h(p) = 19*p**3 + 184*p**2 + 140*p + 32. Give h(-9).
-175
Let y(r) = -r**3 - 151*r**2 - 292*r + 382. Determine y(-149).
-512
Let r(m) = 27*m**2 - 1503*m + 210. What is r(57)?
2262
Let o(f) = 5*f**2 - 62*f - 8632. Give o(-42).
2792
Let h(y) = 339*y + 27814. Give h(-93).
-3713
Let p(k) = 3*k**2 - 10*k + 30. Determine p(-13).
667
Let i(b) = -2*b**3 + 388*b**2 - 398*b + 2287. Give i(193).
-29
Let q(d) = -1834*d - 220065. Give q(-120).
15
Let v(m) = -49*m**2 - 854*m - 1153. Determine v(-16).
-33
Let n(h) = -67*h + 6646. What is n(94)?
348
Let a(k) = -2*k**3 - 50*k**2 - 636*k - 5040. Give a(-15).
0
Let u(v) = 2180*v - 82825. Give u(38).
15
Let k(w) = 133*w**2 - 51*w - 25. Give k(-1).
159
Let o(r) = -2*r**2 + 33*r - 616. Calculate o(41).
-2625
Let j(r) = -2*r**3 - 88*r**2 - 2*r + 147. What is j(-44)?
235
Let u(r) = 845*r - 38038. Give u(45).
-13
Let l(s) = -s**2 + 112363*s - 49. Give l(0).
-49
Let l(z) = 9907*z + 49307. Determine l(-5).
-228
Let u(m) = m**2 + 58*m - 935. Determine u(-69).
-176
Let s(h) = 882*h**2 - 7064*h + 13. Calculate s(8).
-51
Let m(x) = 617*x - 184508. Calculate m(299).
-25
Let l(v) = -12*v**2 + 265*v - 8. What is l(6)?
1150
Let c(z) = 58*z**3 + 696*z**2 + 39*z + 463. What is c(-12)?
-5
Let g(o) = o**3 + 224*o**2 - 915*o - 155241. Determine g(-225).
9
Let f(k) = -2*k**2 + 303*k - 931. Give f(3).
-40
Let b(l) = 42*l**2 + 19141*l - 101869. Give b(-461).
12
Let k(c) = -c**3 - 22*c**2 - 59*c - 50. What is k(-20)?
330
Let p(g) = -4*g**2 + 1734*g - 15282. What is p(9)?
0
Let v(d) = -80*d - 2017. Determine v(-26).
63
Let z(l) = 2*l**2 + 146*l - 23106. What is z(77)?
-6
Let i(u) = u**3 + 8*u**2 - 5*u - 956. What is i(-13)?
-1736
Let g(w) = w**2 - 3243*w + 12974. Give g(4).
18
Let a(m) = -16114*m - 64475. Calculate a(-4).
-19
Let u(o) = o**2 + 1242*o + 23256. Calculate u(-19).
19
Let z(y) = 38*y**2 - 5056*y + 47. Give z(0).
47
Let u(y) = 3*y**3 - 854*y**2 + 560*y + 2296. What is u(284)?
24
Let v(f) = -13*f**3 - 2*f**2 + 12*f - 71. Determine v(4).
-887
Let l(a) = -608*a**2 + 43775*a + 67. What is l(72)?
-5
Let j(g) = 4862*g - 3233220. Give j(665).
10
Let h(n) = -n**3 - 111*n**2 - 627*n - 82760. Give h(-112).
8
Let o(z) = -2*z**3 - 28*z**2 - 13*z + 42. Calculate o(-10).
-628
Let p(g) = -57704*g + 54. Give p(0).
54
Let g(h) = -3845*h - 468867. What is g(-122)?
223
Let u(l) = l**2 - 599*l + 14383. What is u(24)?
583
Let g(s) = 2*s**3 - 329*s**2 + 5996*s + 682. Give g(21).
31
Let s(x) = -8137*x - 960163. Give s(-118).
3
Let q(w) = -10*w**2 - 89*w - 110. Determine q(-13).
-643
Let d(u) = -1018*u**2 + 199531*u - 583. What is d(196)?
5
Let b(t) = t**3 - 28*t**2 - 48*t + 2018. Give b(27).
-7
Let z(p) = p**3 - 342*p**2 - 25309*p + 8563330. Give z(343).
-8
Let j(b) = 1070*b + 8316. What is j(-8)?
-244
Let h(c) = -c**3 - 249*c**2 - 14363*c + 1363. What is h(-91)?
-2
Let z(s) = s**2 - 118*s + 2122. Calculate z(84).
-734
Let v(t) = t**3 + 27*t**2 - 103*t + 4663. Calculate v(-34).
73
Let q(n) = -5*n**3 - 18*n**2 - 2*n + 78. Determine q(-7).
925
Let b(w) = 11*w**3 + 966*w**2 - 104*w + 6337. Calculate b(-88).
1
Let g(v) = -1477*v - 53171. Determine g(-36).
1
Let b(m) = 158*m**2 - 25*m - 5. Determine b(-1).
178
Let y(u) = -342*u + 68092. What is y(199)?
34
Let o(y) = 148*y**2 - 31964*y - 961. What is o(216)?
-97
Let s(v) = 46*v**2 + 1683*v + 384. What is s(-36)?
-588
Let a(c) = 131057*c + 14154150. Determine a(-108).
-6
Let j(x) = -1041*x - 8504. Determine j(-8).
-176
Let a(x) = -77*x**2 - 911*x + 4489. Determine a(5).
-1991
Let g(k) = 5*k**3 + 2*k**2 - 10*k - 18. What is g(6)?
1074
Let v(s) = -4*s**2 - 73*s + 534. What is v(-18)?
552
Let b(r) = 41*r**2 - 882*r - 254. Calculate b(22).
186
Let t(y) = 74921*y - 149834. Calculate t(2).
8
Let y(j) = 13958*j - 5. What is y(0)?
-5
Let f(j) = j**3 - 3*j**2 - 81*j - 10. What is f(-5)?
195
Let w(z) = -4*z**3 + 405*z**2 - 97*z - 417. Calculate w(101).
-13
Let l(d) = d**3 + 7*d**2 + 1824*d + 24734. What is l(-13)?
8
Let t(z) = 2*z**3 + 200*z**2 + 2138*z + 112858. What is t(-95)?
-2
Let s(x) = -90*x**2 - 3287*x + 3286. Determine s(1).
-91
Let g(d) = d**3 + 204*d**2 - 170*d + 7177. Give g(-205).
2
Let m(r) = -3196*r + 1278260. Give m(400).
-140
Let w(o) = 207*o + 7123. Determine w(-35).
-122
Let g(u) = 22*u**2 + 4654*u - 2086. Calculate g(-212).
34
Let k(c) = -36887*c - 2028837. Give k(-55).
-52
Let k(i) = -i**2 - 1